463)) + -13?
80
What is 90 - (-39 + 46 - -43)?
40
What is 36 - (74 - (88 - 50)) - (4 + -1)?
-3
What is the value of (-59 - (-27 - -3)) + 12 - 3?
-26
What is (9 - (-6 + 10)) + -20 + (19 - 7) + 8?
5
What is (-19 - (-12 - -13)) + 120 + 3?
103
What is the value of -17 + (-48 + 2 - (396 - 391))?
-68
What is -16 - ((8 - (-15 - -30)) + 0 + 10)?
-19
Evaluate 54 + 46 + (-68 - 7).
25
Calculate ((0 - 1) + -7 + 2 - (-31 - -34)) + -7.
-16
Calculate -2 - -3 - (-3 - (-35 - 28)).
-59
What is 0 + -3 - (-1 - (1 + 0)) - (3078 + -3028)?
-51
What is the value of 28 + (18 + 0 - 14 - -6)?
38
What is the value of 32 - (-19 + 10 - -20) - 5 - 121?
-105
What is -917 + 842 + (86 - 0)?
11
Calculate (11 + 0 - 3 - (31 + -60 + 49)) + 49.
37
166 - 178 - (-40 + -12)
40
Evaluate -20 + -12 + 42 + 93 + -7 + 2.
98
What is 13 + 20 - -45 - 46?
32
What is -14 + 4 + 0 + -3 + 25?
12
(16 - (18 - 6) - (26 + -4 + -1)) + 1
-16
4 + -22 + -9 + 4 + (-60 - -70)
-13
-976 + 1043 - (0 + 122)
-55
Evaluate 63 - 1 - (-27 - ((-9 - -15) + -38)).
57
What is the value of 0 + (1 - -13) - 6 - 21?
-13
Evaluate (-43 - (1 + 55)) + 129.
30
Calculate -65 + 58 + -60 - (23 - 4).
-86
Calculate 27 - -2 - (3597 + -3447).
-121
What is the value of -31 - (20 + -12) - (3 + 2 + -1)?
-43
Calculate -24 - (5 + 11) - -8.
-32
(-55 - 30) + (1 - -28) - -2
-54
Evaluate 23 - (-19 - 3) - (-9 - -14).
40
Evaluate (59 - -13) + 12 + (1 - (9 + 10)).
66
Evaluate -40 + (0 - (25 + -9)) + (4 - -3) + 10.
-39
Calculate -91 + 2 + (18 - (31 - (0 - -5) - 20)).
-77
Calculate 64 - (-2 + -13 - 0 - (-339 + 309)).
49
Evaluate (9 + -2 - 1) + -19 - (-16 - (-3 + 68)).
68
What is (3 - -6) + (11 + -23 - -3)?
0
What is the value of (36 - 47 - -20) + 24?
33
What is the value of (45 - 17) + (112 - 107)?
33
What is the value of -1 + -1 - (-59 + -78 - -222)?
-87
What is the value of -48 + (-3 - -43) + 1 + 7 + -21?
-21
What is the value of 102 - (5 + 35) - 103?
-41
33 - (-2 - (-87 - -52))
0
What is the value of -132 - ((25 - 112) + -30)?
-15
What is -29 + 95 + -32 - 48?
-14
Evaluate -6 - (-23 - (22 + 18 + -31)).
26
-18 - (0 - (11 - -35))
28
-8 + (154 - 141 - (14 - 2))
-7
Evaluate -63 + (60 - 35 - -12).
-26
4 - (38 - 33 - (-1 + 6 - (-1 + 68)))
-63
What is (-11 - 1) + (-7 - (-15 - (-48 + -2) - -26))?
-80
What is (2600 - 2542) + -1 + -27?
30
Evaluate (0 - 10) + 22 + -20 - (120 - 106).
-22
(-13 + -4 + -63 - -7) + 15
-58
Evaluate 96 + -268 - -84 - -2.
-86
Calculate 29 + -1 + -16 + -8 + 10 + -35.
-21
What is 135 + 20 + (-80 - (43 - 87))?
119
What is the value of -7 - -10 - 1 - (70 + -64) - -59?
55
(23 - (1 + -8 - -19 - 1)) + 32
44
Evaluate (-96 - -17 - -26) + 7 + 16.
-30
What is the value of (9 - -21) + 3 + -96?
-63
-1954 + 1950 - ((1 - 3) + (4 - 0))
-6
Calculate (-32 + 35 - (-2 + 0 + 0)) + -11.
-6
What is 20 + (-40 - -36 - -20) - -62?
98
What is (3 - -9) + (-9 - -4 - -3 - 40)?
-30
Calculate -2 - (-41 - -1 - (26 + (-6 - (-3 - -18)))).
43
Evaluate -7 + (-5 - -34) - (154 - 133).
1
What is the value of -6 - (16 + 3 - (58 + -41))?
-8
What is (31 + 6 + -165 - 4) + 25?
-107
(-52 - -206) + -142 + (1 - (-2 - -8))
7
Evaluate (2 - 7) + -47 - (20 - (22 - (16 + -8))).
-58
What is the value of 5 + -78 + (-156 - -186)?
-43
Calculate 1 + -13 - -4 - (101 - 55) - 1.
-55
What is 12 - (-1 - -34 - (543 - 515) - (-29 + -1))?
-23
Calculate -14 - 0 - (26 + 13 + 56 + -112).
3
Calculate 0 + -3 + 96 + 2 + 13963 + -13960.
98
What is the value of -38 - 0 - -6 - (-3 + 17 + -21)?
-25
Calculate 7 - (12 + -34 + 21).
8
Evaluate (-61 - -75) + (-29 - 1).
-16
Calculate 11 - 1 - (61 + (-107 - -45) - (0 - -78)).
89
Evaluate (-2 - 8) + 6 + 61 + -2 + 4 + -11.
48
Calculate (-34 - 0 - -23) + 25 + 5.
19
What is 103 + 11 + (-59 - -35) - -11?
101
Calculate -22 + -3 + 7 + (2 - 3 - (64 + -57)).
-26
(-6 - (-16 + 17)) + 33 - 18
8
What is (11 + -1 - (60 + 12 + -20)) + -4?
-46
2 - -35 - (16 - 24 - 3 - -16)
32
What is the value of (-4 + -7 - (11 - 7 - 5)) + 8 + 17?
15
What is -2 + -23 + 1 + (6 - 6 - (-1 + 8))?
-31
Calculate 9 + 4 - (-52 - (-57 + -57)).
-49
Calculate -8 + 13 + -4 - (-3 + -3) - (-13 - -12).
8
What is the value of (-16 - ((26 - 97) + -33)) + -1 + (2 - 1)?
88
-42 + 48 + (59 - 64)
1
What is the value of (4 - -88 - (26 - -61)) + (-1 + -33 - 1)?
-30
Evaluate (0 - 3 - (-3 + -32)) + (-57 - 27 - -76).
24
What is the value of -10 - (7 - (-16 - -62))?
29
What is -32 - 1 - (-16 + -21) - -63?
67
Evaluate -59 + (46 - -21) - (3 + 7).
-2
Calculate 51 + -52 + 83 + -56.
26
What is the value of -60 + 25 - (-129 + 64)?
30
What is 3 - 2 - (-12 + -3) - (-448 - -448)?
16
What is the value of -52 - (76 + -79 - (5 + -2 - 2))?
-48
What is the value of (2 - (2 - 1)) + -4 + 35 + 39 + -11?
60
What is -3 + 18 + (-1 - 19) - 5 - (-3 - -45)?
-52
Calculate -28 + 0 - -2 - (-3641 + 3597).
18
What is (-28 - 0) + (-901 - -904) + (2 - (-1 - 3))?
-19
Evaluate -18 + 45 + 18 + (1 - -23).
69
What is the value of 22 - (-1 + -1) - (-9181 - -9116)?
89
What is the value of -50 + 77 - 41 - 13?
-27
Evaluate 9 + -5 - (14 + (-45 - -30)).
5
Calculate -80 + -5 - -85 - -16.
16
What is 7 - (145 - (-8 + (14 - 2) + (13 - 4)))?
-125
What is (28 + 15 + -11 - -3) + 3?
38
What is the value of (14 - (2 + (-9 - -14) - -6)) + -15?
-14
-12 - -8 - 0 - (1 + 1 + 1)
-7
Calculate 173 + -31 - (325 + -313).
130
What is the value of (11 - (3 + 5)) + 1 - (-4 + -1 + -46)?
55
What is -8 + -3 + -9 + (7 + -17 + -38 - 12)?
-80
What is the value of -16 + -2 + 13 + (5 - 11 - -48)?
37
Evaluate (23 - 13 - 0) + -13 - -44 - 13.
28
What is the value of -41 - (-9 + -2 + (-23 - -41) + -11)?
-37
What is the value of (-29 - -1) + -538 + 556 + -104 + 24?
-90
What is -37 - 6 - (24 + 27 + -20)?
-74
Calculate -39 + (-13 - -32) + 3 + -26.
-43
Evaluate 3 + 27 + 107 + -136 + 1 + 1.
3
What is -33 + 0 - (19 + (-11 - 93))?
52
Evaluate -1 + -19 + 181 + (-94 - 39).
28
9 + 8 + -16 + (9 - 5 - 6)
-1
What is 0 + 0 + -14 + (28 - 16 - (27 + -148))?
119
Evaluate -107 + (-4 - 10) - (1 - -3).
-125
What is the value of -2 + -36 - ((496 - 500) + 16 + 1)?
-51
Calculate -112 + -18 + (-24 - (-82 + 13)).
-85
What is the value of 23 + 17 + (44 - (44 + 45))?
-5
-62 - (2 - 4) - (-106 - -52 - -47)
-53
What is the value of (9 - (8 - 13) - 2 - -1) + 47?
60
(122 - 62) + -21 + (2 + 2 - (3 - 1))
41
What is the value of 16 + 82 + (275 - 466)?
-93
Evaluate -87 - -11 - -139 - (1 - 8).
70
Calculate 54 - (-9 + (-13 - -1) + (-27 + 12 - -35)).
55
What is the value of (-10 - -6) + 114 - (-10 + (9 - (-6 - 6)))?
99
Evaluate 20 - (-15 + 36) - (-18 + -13).
30
What is the value of -76 - (67 + (-74 - 87))?
18
What is -4 + 1 + 9 + 9 + 123 - (1160 + -1147)?
125
What is (-10 - 146) + (17 - (98 + -110))?
-127
What is (-3 - (0 + -12)) + (-8735 - -8710)?
-16
Evaluate (-1 - -3) + 69 - -9.
80
22 + (-57 - -26) - (2 + (-5 - (117 - -2)))
113
Calculate -14 + (23 - 24) + -11 + 1 - 5.
-30
Evaluate -30 - ((-6 - 60) + (-19 - 3)).
58
Calculate 49 + 4 + -5 + -65.
-17
Calculate -177 - -174 - -9 - ((1 - -3) + 1 + -3).
4
What is the value of -127 + (2 - -27) - (-19 + -2) - 11?
-88
5 + -23 + (80 - (37 - -5))
20
340 + -87 - 312 - (-10 - -1)
-50
What is -1 + -3 + (1 - -15) - (1 - -6) - -33?
38
(-12 - -22 - -2) + 16 + 4
32
Calculate (14 - 19 - -5 - -9 - -3) + -87.
-75
Evaluate -41 + 10 + 0 + 50 + -8.
11
8 + 33 - (-512 + 497 + (13 + 1 - 1))
43
What is the value of -65 + (5 - (6 + -28))?
-38
What is the value of 71 + (2 - 3) + (-790 - -456) + 348?
84
What is -2 + 1 - (11 + -58 + (196 - 225))?
75
1002 + -1027 - (-3 - -52)
-74
-47 + -18 + 37 + 6 - 44
-66
What is the value of (16 - -2) + (-55 + -14 - 12 - -11)?
-52
What is the value of -24 - ((-15 - -120) + -63)?
-66
What is the value of 9 - (-49 + 53 + -2)?
7
Evaluate (-12 - 114) + 35 - -107.
16
Calculate -26 - ((-16 - -2) + 20 + 2).
-34
What is -88 + 92 - ((17 - 9) + -70)?
66
Evaluate 8 + 2 + (-27 - -41 - 61) + -15.
-52
-81 + 178 + -88 + 63
72
What is the value of 7 + (-67 - -54 - (-15 - -2 - 3)) - 102?
-92
What is -54 + 112 + -174 - (8 + -2 + -17)?
-105
Calculate (3 - (-79 + -10)) + (601 - 564).
129
(-16 - -90) + 28 - (-122 + 95)
129
What is -100 + 8 + (-1 - -9)?
-84
What is -33 + 1 + -222 + 136?
-118
Calculate -59 + 0 + (69 - (112 - -20)) + 46.
-76
-6 + (15 - (22 - 13)) + -9 + 1 + 30
22
-24 + (-18 - -36) - (7 + -7 + 1) - -10
3
What is the value of (-28 - -12) + (-94 - (-20 + 2))?
-92
(-2 - 1) + 2 + 0 + (-83